ermine q(2).
-13
Let f(t) = t**3 - 7*t**2 - 4. Suppose -2*q + 11*i - 8*i = -17, 0 = -i - 1. What is f(q)?
-4
Let t(g) = 11*g**2 + 4*g + 1. Let c be t(-1). Let u(l) = -3*l + 0 + 12*l - l**2 - 2. Give u(c).
6
Let f(l) = l**3 - 6*l**2 + 7*l - 5. Let x(q) = q**3 - 39*q**2 - 82*q + 5. Let j be x(41). What is f(j)?
5
Let t be (-2 - -1)/(5/25). Let r(g) = 5*g - 172 + g**2 + 168 + 0*g. What is r(t)?
-4
Let x(u) = -2*u - 5. Suppose -l - 6 = 2*l, 3*g = -4*l - 11. Let i = g - 4. Determine x(i).
5
Let j(d) be the first derivative of -5*d - 1/2*d**2 - 12. Give j(-8).
3
Suppose -44*r + 12*r = -96. Let q(x) = x**2 - 3*x - 1. Give q(r).
-1
Let o(d) be the second derivative of d**3/2 - 44*d + 2. What is o(-3)?
-9
Let j = -1234 + 1225. Let o(v) = -v**3 - 9*v**2 - v - 7. Calculate o(j).
2
Let n be (-7)/(-1) - (1 - 0). Let p be 0 + (-3 + n)*-1. Let o(x) = -x**3 - x. Let i(j) = -3*j**3 + 4*j**2 - 2*j - 1. Let l(s) = i(s) - 4*o(s). Give l(p).
2
Suppose -f = -4*l - 0*l + 9, 2 = 3*l + 4*f. Let r(v) = -v**3 + 2*v**2 - v + 1. Give r(l).
-1
Let i(m) = 2*m**2 - 13*m + 15. Let k be i(5). Let u(o) = -11*o**2 - o + 10*o**2 + 0*o. Calculate u(k).
0
Let f be -3*(-5)/(-15)*4. Let z be -1*(0 - 0)/f. Let s(b) = b**2 + b + 5. Calculate s(z).
5
Let c(b) = -3*b**2 - 3*b. Let u(y) = 8*y**2 + 8*y + 1. Let t(o) = 11*c(o) + 4*u(o). Calculate t(3).
-8
Let b(u) = 2*u**2 - 18*u + 20. Let p be b(13). Let k = 114 - p. Let g(s) = s**2 + 12*s + 13. What is g(k)?
-7
Let h(j) = -j + 7. Let a(v) = -11 + 6 + 4. Let r(d) = 3*a(d) + h(d). Let w(z) = z + 2. Let t be w(4). Give r(t).
-2
Let g(h) = h**2 + 3*h + 2. Let o be g(-1). Suppose -i + 0*i - 5 = o. Let l(f) = -f**2 - 2*f + 7. What is l(i)?
-8
Let t(w) = w**3 + 5*w**2 - 4*w. Let u be 168/(-27) + 8 + (-350)/45. Give t(u).
-12
Let t(o) = -78 - 2*o**3 + 97 + 5*o**2 - 2*o + 10*o - 25 + o**3. Let k(s) = -4*s - 2. Suppose -b + 0*h - 2 = h, 3*b = 3*h - 6. Let f be k(b). Give t(f).
6
Suppose 9 = 3*r + 3. Suppose 3*h - 5 = -4*c, -h - 2*c = -r*h + 15. Let f(o) = -o**2 + 6*o + 8. Let x be f(h). Let p(w) = -4*w**3 + 2*w**2 - 1. Calculate p(x).
-3
Let u = 5 - -113. Let z(v) = -5 - u*v**2 + v + 119*v**2 - v + 2*v. Give z(-5).
10
Let b(o) = 1111*o**3 + 9*o + 170*o**2 - 177*o**2 - 1110*o**3 - 6. Suppose 2*z = 4*g - 22, -2*g + 4*z + 14 = g. What is b(g)?
12
Let m(x) = -20*x - 14. Suppose 4*a = 0, -22 = 2*u - 3*a - 2*a. Let k(l) = 7*l + 5. Let c(g) = u*k(g) - 4*m(g). Determine c(6).
19
Suppose -8 = 2*z - 6*z. Let k(f) be the first derivative of 11*f**2/2 + 9*f + 4. Let a(p) = 17*p + 14. Let o(w) = -5*a(w) + 8*k(w). Give o(z).
8
Let p(s) = 14*s + 5. Let y(w) = -3*w - 1. Let z(r) = 3*p(r) + 15*y(r). What is z(-5)?
15
Let z(k) = -1001*k + 17 + 1006*k - 14 - k**3 - 4*k**2. Determine z(-5).
3
Let k(l) be the second derivative of 0 + 6*l - 1/6*l**3 + 5*l**2. Let n(o) = -7*o - 1. Let f be n(-1). What is k(f)?
4
Let n(a) = -a - 1. Let s(m) = m - 4. Let v be s(5). Let t(k) = -6*k - 18. Let o(w) = v*t(w) - 9*n(w). Give o(7).
12
Let z(l) = -l - 2. Let r be z(-4). Let g(h) = -3 + 4*h**3 + 0*h - 3*h**3 - 3*h + 3*h**2 - 5*h**r. Give g(-2).
-13
Let z(w) be the third derivative of w**4/24 - w**3/3 + 156*w**2 + 2*w. Suppose 5*g = -2*c - 2*c + 29, -4*c = -g - 23. What is z(c)?
4
Let k(y) = 12*y**2 + 3*y + 1. Let n(o) = -6*o**2 - o. Let m(a) = -2*k(a) - 5*n(a). Let f = 1174 - 1176. Calculate m(f).
24
Let q be 24/8 - 60/5. Let g(r) = -r**2 - 12*r - 16. Determine g(q).
11
Let z(t) = -t**2 + 6*t - 9. Suppose -2*c - 278 = -3*j, 0 = 3*j + j + 3*c - 348. Suppose -j = 3*m - 102. What is z(m)?
-1
Let m(c) be the first derivative of 1/3*c**3 + 2*c - 1/2*c**2 - 3 - 1/4*c**4. Suppose 3*b = 4*b + 4*p, 4*p = b. Calculate m(b).
2
Let g(r) be the first derivative of -r**4 - 7*r**3/3 - 4*r**2 - 6*r + 8. Let c(k) = -9*k**3 - 14*k**2 - 17*k - 11. Let d(u) = 3*c(u) - 7*g(u). What is d(-6)?
15
Let f(b) = -7*b**2 + b - 10. Let v(l) = 12*l**2 + 2*l + 20. Let x(m) = 5*f(m) + 3*v(m). Let o be (-1 + 0)*(6 + 1). Give x(o).
-18
Suppose -5 = 3*u + j - 1, -3*j + 21 = -2*u. Let i = u - -5. Let o(s) = -4*s + 4*s - 5 + i*s. Give o(5).
5
Let i = 16 + -13. Suppose z - 6 = i*z. Let b be (10/4 + z)*2. Let l(y) = -2*y**3 - 2*y**2 - 2*y - 1. Calculate l(b).
1
Let f(a) be the third derivative of -a**7/2520 + a**6/80 + 11*a**5/120 - 11*a**4/24 + 16*a**2. Let u(s) be the second derivative of f(s). Give u(10).
1
Let w(d) = 7 + 22*d + 19*d - 42*d. Let a = -472 - -477. Calculate w(a).
2
Let a(u) = u**3 - 18 + 2*u**3 - 2 - u + 17*u**2 - 2*u**3. Let d be a(-17). Let k(s) = s**3 - 5*s - 2. Determine k(d).
-14
Let w(i) be the first derivative of -i**4/4 + 3*i**2/2 + 2*i - 677. Suppose -2 = 2*y - y. Determine w(y).
4
Let a(d) be the third derivative of d**5/60 + d**4/12 - 2*d**3/3 + d**2. Suppose -5*y - 6 = 9. Determine a(y).
-1
Let d(s) be the third derivative of 1/6*s**3 + 26*s**2 + 1/30*s**5 + 3/20*s**6 - 1/12*s**4 + 0 + 0*s. Calculate d(1).
19
Let t(b) = -2*b**2 - 26*b + 29. Let v(l) = -13*l**3 - 117*l**2 - 14. Let n be v(-9). What is t(n)?
1
Let q(b) = -19*b**3 - b**2 + b - 1. Let c be 24/32 + ((-5)/4)/(-5). What is q(c)?
-20
Let y(b) = -b**3 - 11*b**2 + b + 9. Let o(c) = c**2 - 12*c + 25. Let f be ((-30)/5)/((-2)/2). Let l be o(f). Calculate y(l).
-2
Let q(d) = -30*d + 15*d + 16*d + 6. Determine q(-4).
2
Let u = 81 - 79. Let s(p) = -283*p**2 + 578*p**2 - 293*p**u. Calculate s(1).
2
Let c(n) = 3*n - 6*n + 2*n + 12 + 0. Let y(a) = 8*a. Let i be y(2). Suppose 10 = j - 2*h - 4, i = -4*h. Give c(j).
6
Let c(z) = 3*z + 4 - 4*z + z - z**3. Let r(h) be the third derivative of -h**6/120 + h**5/30 - h**4/12 + h**3/6 + h**2. Let k be r(1). Determine c(k).
4
Suppose 5*u - 1188 = -1103. Let x(q) = -q + 4. What is x(u)?
-13
Let j(z) = 2 + 3*z**2 - 2. Suppose 0 = -4*h + 4*g - 12, 4*g - 5 - 6 = 5*h. What is j(h)?
3
Let q(o) = o**3 - 2*o**2 + 6*o. Let d(p) be the third derivative of p**6/60 - p**5/15 + 13*p**4/24 - p**2. Let h(t) = 4*d(t) - 9*q(t). Calculate h(2).
-4
Let t(c) be the first derivative of -c**2/2 + 1. Suppose 65 + 22 = -3*k. Let g = -29 - k. Give t(g).
0
Let t(h) = -3*h**2. Let b = -10 + 19. Let k be 34/b - (-4)/18. Suppose -k = -4*p - 8. Calculate t(p).
-3
Let f(i) be the first derivative of 13*i**3/3 - 21*i**2/2 - 25*i + 22. Let r(y) = -7*y**2 - 1 + 14 - 4*y + 15*y. Let o(a) = 6*f(a) + 11*r(a). Calculate o(6).
-1
Suppose 0*j + j = 2. Let d(v) = 5 + 2 - v**j - 3*v - 7. Let z = 14 + -19. What is d(z)?
-10
Let l(p) be the third derivative of -3*p**2 + 1/120*p**6 + 0 + 0*p - 1/15*p**5 - 1/3*p**3 - 1/8*p**4. Give l(5).
8
Let v(c) = c**3 - 9*c**2 - 9*c - 8. Let h be v(10). Let w(n) be the second derivative of -n**5/10 + n**4/6 + n**3/6 - 8*n - 3. Calculate w(h).
-6
Let i = -11 - -2. Let l be (6/i)/(2/6). Let p(b) be the first derivative of -b**4/2 - b**3/3 + b**2 - b + 378. Determine p(l).
7
Let i(r) = -r + 4. Suppose 3*b + 96 = o + 4, -2*o = 2*b - 144. Let l = -77 + o. Calculate i(l).
4
Let b(i) be the third derivative of -i**6/120 - i**5/5 + 5*i**4/12 - 5*i**3 - 809*i**2. Give b(-13).
9
Let k = -342 + 351. Let y(q) = -q**2 + 7*q + 5. Give y(k).
-13
Let r(v) be the first derivative of 9*v**2/2 + v + 300. What is r(1)?
10
Let g(o) = -9*o**3 + o + 1. Let t(i) = i**3 + 3*i**2 + i. Let l be t(-3). Let w be l*-2*(-3)/18. Give g(w).
9
Let m(x) = -x**2 - x - 2. Let b(j) = 2*j**2 + 12. Let k(t) = b(t) + 3*m(t). Determine k(-7).
-22
Let t(n) = -n**2 - 2*n. Suppose 3*i = 4*o - 44, i - 80 = 4*i + 5*o. Let r = -22 - i. Calculate t(r).
0
Let g(i) = 12*i. Let u(x) = -13*x. Let m(f) = 6*g(f) + 5*u(f). Let r be (-14)/(-18) + (-14)/(-63). Give m(r).
7
Let m(c) = 3*c**2 - 8*c. Let w(f) = -f - 1. Let g(v) = m(v) - 3*w(v). Let y(s) = -4*s**2 + 5*s - 3. Let u(k) = 3*g(k) + 2*y(k). What is u(6)?
9
Let i(n) = -n**3 + 4*n**2 - n - 1. Let v be (6/(-5))/(81/1080). Let c be (-56)/v - ((-1)/(-2) - 0). Calculate i(c).
5
Let n(m) = -m - 2*m**3 + 1 + 2*m - 47*m**2 + 0 + 51*m**2. Determine n(2).
3
Let x(f) = -f + 6. Suppose -3 + 1 = -2*j. Suppose 0 = -11*v - 33. Let a be ((-1 + j)/(-3))/v. What is x(a)?
6
Let j be (0 - 1)*-11 + -2. Suppose j*l = 4*l. Let n be 4/(l - (2 + -1)). Let t(k) = k**3 + 4*k**2 + k + 3. Determine t(n).
-1
Let f be 0 - 6/2 - (12 + -17). Let x(i) = 2*i - 4 + 3*i**2 + 10 + 6*i**f - 3*i**2 + i**3. What is x(-6)?
-6
Let h(o) be the secon